5 = -4*o - 11. Let l(z) = 6*z + 21 + o - 3. What is the units digit of l(10)?
9
Let u(j) = j + 1. Let d(z) = -16*z - 6. Let s(b) = -d(b) - 12*u(b). Let f be s(-2). What is the tens digit of (-28)/f*(-93)/(-2)?
9
Let l = 8670 - -10050. What is the thousands digit of l?
8
What is the thousands digit of (-20)/(-36)*3411624/80 - (-1)/6?
3
Suppose -22 = 2*b - 24. What is the tens digit of b*-2 + 222/6?
3
Suppose -5*c + 7 = 352. Let d = 219 + c. Suppose -n = 3*b - 45, -4*b = -3*n + 6*n - d. What is the units digit of n?
4
Let k(n) = n**3 + 20*n**2 + 39*n + 60. Let a be k(-18). Suppose -a*g = -0*g - 3636. What is the tens digit of g?
0
What is the thousands digit of 1737337/(-566)*(-4)/2?
6
Let a be (-2290)/15 + (-1)/3. Let y = a - -55. Let c = -36 - y. What is the units digit of c?
2
Let z = -9786 + 14583. What is the thousands digit of z?
4
Suppose -5*s - 3*z = -5*z + 509, -2*s = 3*z + 215. Let j = s + 124. What is the tens digit of j?
2
Let t(q) be the third derivative of -q**6/120 + q**5/3 + 2*q**4 + 11*q**3/6 + 129*q**2. What is the hundreds digit of t(20)?
9
Suppose -5*g = 3*p - 299813, 161*g - 5*p = 156*g + 299765. What is the tens digit of g?
5
Suppose -161 = -6*q - 47. Let k = q - -53. Let o = k - 40. What is the units digit of o?
2
Let f(x) = -1020*x**3 + 2*x**2 + x + 1. Let c be f(-1). Let t = c + -551. What is the hundreds digit of t?
4
Let v = 2099 + 945. Suppose -13*h = -20620 + v. What is the tens digit of h?
5
Suppose 2 = n, -2*p + 75 + 39 = 5*n. Suppose 3*z + p = -4*h - 159, -4*z - 160 = 3*h. What is the tens digit of (-3)/(78/4) + (-4948)/h?
9
Let m = -584 - -375. Let c = m - -543. What is the hundreds digit of c?
3
Let z(u) = u**3 + 12*u**2 + 6*u - 1. Suppose 5*b + 22 = -4*s + 3*s, 2*s - b + 66 = 0. Let o = s - -21. What is the units digit of z(o)?
4
Let f(z) = z**3 - 6*z**2 + 7*z + 4. Let r be f(4). Suppose 0 = -5*j - 4*u - 16, r = -5*j - u - 4 - 0. Suppose -2*c + 55 + 35 = j. What is the tens digit of c?
4
Let q = 127 + 105. Let i = q + -58. Let g = i + -110. What is the tens digit of g?
6
Let z = -8456 + 14537. What is the units digit of z?
1
What is the ten thousands digit of (-4 - 2)*13934*11/(-66)?
1
Let l be -3 + (2076 + 0 - 0). Suppose a + 3*a + 8 = 0, 4*a = 5*k - l. What is the hundreds digit of k?
4
Suppose -3215 + 22532 = -154*f + 155*f. What is the thousands digit of f?
9
What is the hundreds digit of (-3 - -9)/((-60)/60) + 978*13?
7
Let w(y) = -2*y**2 + 370*y + 13. What is the thousands digit of w(52)?
3
Let z(x) = 6*x**3 + 5*x**2 - 3*x + 10. Suppose 11*r - 24 = 5*r. Let u be z(r). Suppose -5*v = -2*i + u, -2*i = v + v - 434. What is the tens digit of i?
2
Let w(n) = n**2 - 2*n + 2. Let t be w(2). Suppose -3*a = 5*m + 2 - 21, -t*m + 19 = 5*a. Suppose 2*y + a*y = 145. What is the units digit of y?
9
Suppose 4*d + q - 14520 = 22676, 46492 = 5*d + 2*q. What is the tens digit of d?
0
Suppose 3*v - 30255 = -3*b, 4*b - 3*v - 40899 = -538. What is the thousands digit of b?
0
Suppose p + 2 = 0, t + 3*p + 8 = -7. Let d(b) = -3*b - 15. Let x be d(t). What is the tens digit of (-1 + 94)*2*2/x?
3
Let p = -21992 - -23531. What is the hundreds digit of p?
5
Let s(z) be the first derivative of 21*z**4/2 - z**3/3 + 5*z**2/2 - 8*z + 80. What is the tens digit of s(2)?
3
Suppose 4*v = 2*o + 5614, -106*v + 105*v - 3*o = -1400. What is the tens digit of v?
0
Suppose 0 = -8*f + 12*f. Let n(k) = 7*k + 78. Let d be n(f). Suppose 4*u + 5*g - d = 0, u - g + 86 = 5*u. What is the tens digit of u?
2
Suppose 29*o = 37*o - 8. What is the tens digit of (o + 0)*4419/9?
9
Let r(w) = -w**3 - 35*w**2 + 104*w + 494. What is the units digit of r(-39)?
2
Suppose 33 = 5*h + 18. Suppose h*k - 1686 = -5*g + 1035, 0 = -4*g + 4*k + 2196. What is the tens digit of g?
4
Suppose -22 = -17*l + 46. What is the hundreds digit of (978/6 + l)/((-1)/(-1))?
1
Suppose 19*w + 167011 - 760295 - 476264 = 0. What is the hundreds digit of w?
2
Let q(j) = 3899*j + 11. What is the thousands digit of q(2)?
7
Suppose 5*c - 5*s - 11850 = 0, -4728 = 31*c - 33*c - s. What is the thousands digit of c?
2
Suppose 11*z = -39*z - 32551 + 533301. What is the hundreds digit of z?
0
Let a(h) = -h**2 + 10*h + 26. Let n be a(12). Suppose n*d - 7 = 3*w, -2*w = -6*d + d - 10. Let k(v) = v**2 - 7*v - 1. What is the tens digit of k(w)?
5
Let q(n) = -n - 1. Let c(u) = 35*u - 67. Let a(r) = c(r) - 2*q(r). What is the hundreds digit of a(19)?
6
Let j = -1768 + 7595. What is the tens digit of j?
2
Suppose 0 = 4*o - 7*f + 6*f - 15, -3*f + 15 = 0. Let p = 8 + -5. Suppose 4*s - o*a = 108, p*s + 7*a - 3*a = 112. What is the tens digit of s?
3
Let y = 19989 - 9076. What is the tens digit of y?
1
Suppose -199*m + 18582664 = -90*m + 193*m. What is the units digit of m?
2
Let c(l) = 2*l**2 + 140*l - 310. What is the thousands digit of c(68)?
8
Let b = -702 - -726. Suppose 4*j - b*j + 13140 = 0. What is the tens digit of j?
5
Let w = -8 + 38. Let b(k) = k + 28 + w - 37. What is the tens digit of b(-5)?
1
What is the thousands digit of 3 - -6 - (-10 - 2218)?
2
Suppose 0 = 3*w - 4*f - 15, -w - f = -2*w + 5. Suppose 83 = 6*b + w. What is the tens digit of b?
1
What is the tens digit of (1767312/(-936))/(3/(-26))?
6
Let q(r) = 14800*r + 7. Let l be q(1). What is the hundreds digit of (-5)/((-60)/(-9)) - l/(-52)?
2
Let n = -7 + 5. Let p be 8/10*(-45)/n. Let q = 30 - p. What is the tens digit of q?
1
Let d = 13668 + -363. What is the hundreds digit of d?
3
Let t be -3 - (26 + 0)*-2. Let i be 427/t - 4/(-14). What is the hundreds digit of 1026/i - (0 - 4)?
1
What is the hundreds digit of 5178*(290/110 - 8/(-22))?
5
Let h = 88422 + -63094. What is the ten thousands digit of h?
2
Let s be (-2)/(-5) - (-219)/15. Let b(i) = -i**2 + 8*i + 155. Let t be b(17). Suppose -n + s = t*n. What is the units digit of n?
5
Suppose 3*z + 9 = x + 5, -8 = -3*z - 2*x. Suppose z = -8*b - 2*b + 2360. What is the units digit of b?
6
Let k = 52 - 48. Suppose 0*c - 2108 = -k*c. What is the units digit of c?
7
Suppose -28*b + 10998 = 42*b - 15182. What is the units digit of b?
4
Suppose g = 4*p, 0 = g + 2*p - 4*p. Let a be (5 + g)*(-6)/(-6). Suppose 0 = -5*i + 3*n + 836 + 542, 5*i - 1380 = a*n. What is the tens digit of i?
7
Let j(a) = -199*a - 25. Let d be (5 + 63/(-14))*-4. What is the hundreds digit of j(d)?
3
Suppose 6*t = 2*t + 5*b - 36, -44 = 4*t - 3*b. Let z = 262 + t. What is the tens digit of z?
4
Suppose 4*s - 38*w + 33*w = 4959, -1210 = -s - 3*w. What is the units digit of s?
1
Suppose -25 = -9*u + 4*u, 3*h + u - 89 = 0. Suppose -22*t = -h*t - 204. What is the units digit of t/(-51)*(-528)/(-2)?
6
Suppose 2*v - 2425 = 5593. Suppose -v - 257 = -27*s. What is the hundreds digit of s?
1
Let n be -2*(-1 - -49)/6. What is the hundreds digit of n/20*630/(-4)?
1
Let s(b) = b**3 - 34*b**2 + 65*b - 295. What is the thousands digit of s(39)?
9
Suppose 0 - 6 = -2*h. Let l(u) = u**2 - u - 1. Let z(k) = -7*k**2 + 6*k. Let n(s) = -3*l(s) - z(s). What is the units digit of n(h)?
0
Suppose 18*c = -11*c - 132784 + 415331. What is the units digit of c?
3
What is the tens digit of 5582 + (16/8)/12*0?
8
Let m(q) = -q**3 + 9*q**2 - 31*q + 216. Let s be m(8). Let r(k) = -31*k - 1. Let v be r(-2). Let p = v - s. What is the tens digit of p?
2
Let l = 18 - 14. Suppose 0 = -2*s - 0*s + 2*m + 390, l*s - 2*m - 780 = 0. Suppose 14*n - 11*n = s. What is the tens digit of n?
6
Suppose 220 = 9*a + 11*a. What is the tens digit of 1 - -353 - (16 - a)?
4
Let n = -32 - -32. Suppose n = -91*v + 96*v + 615. Let j = v + 309. What is the tens digit of j?
8
Suppose -426*a - 4*g = -423*a - 312, 4*g = -2*a + 204. What is the tens digit of a?
0
Let v(x) = 2 - x + 10 + 102*x + 97*x. What is the hundreds digit of v(2)?
4
Let x be -1*(1*-6)/(-2) + 585. Let t = x - 331. Let z = t - 171. What is the units digit of z?
0
Let u = -229 - -226. What is the units digit of ((-2691)/27)/(1/u)?
9
Let h(v) = 19*v - 104. Let x be h(9). Let q = 50 + 242. Suppose -3*t - x = -q. What is the units digit of t?
5
Let t be (8/(-2) - -3) + -7. What is the units digit of (436*(-12)/t)/((-3)/(-2))?
6
Let x(d) = -d**2 + 9*d + 24. Let c be x(11). What is the tens digit of 338 - (-8)/c - -1?
4
Suppose -5*z + 4*p = 62, -3*p = -4*p + 3. What is the thousands digit of (-1)/z + 184784/160?
1
Let w(d)